 common factor of 1391 and 1335039?
107
What is the highest common divisor of 23036 and 104?
52
What is the highest common divisor of 70386 and 12?
6
What is the highest common factor of 341 and 22909?
31
What is the highest common divisor of 724 and 324?
4
Calculate the highest common divisor of 1794 and 1380.
138
Calculate the highest common divisor of 182222 and 358.
358
What is the highest common divisor of 178 and 1000271?
89
What is the highest common divisor of 1034 and 814?
22
What is the highest common factor of 57 and 101327?
19
What is the greatest common factor of 549265 and 370?
185
What is the greatest common divisor of 62468 and 350267?
2231
What is the highest common factor of 3896 and 32?
8
What is the greatest common factor of 2139 and 39951?
69
Calculate the highest common factor of 1851924 and 2580.
516
What is the greatest common divisor of 19 and 554914?
19
What is the greatest common factor of 4346 and 530?
106
What is the highest common factor of 1726 and 1770013?
863
What is the greatest common divisor of 48960 and 22185?
765
Calculate the greatest common factor of 448 and 327936.
448
What is the highest common divisor of 987 and 1228815?
987
What is the highest common factor of 53587 and 574?
41
Calculate the greatest common divisor of 291809 and 7.
7
What is the greatest common factor of 11932 and 1292?
76
What is the highest common factor of 7613 and 1150?
23
Calculate the highest common divisor of 50 and 283450.
50
Calculate the highest common factor of 4606 and 19082.
658
Calculate the highest common divisor of 9250 and 500.
250
What is the greatest common factor of 8624 and 4304?
16
What is the highest common factor of 456 and 1590984?
456
Calculate the greatest common divisor of 17 and 1168393.
17
What is the greatest common divisor of 404 and 104939?
101
What is the highest common factor of 7 and 466109?
7
What is the highest common divisor of 192 and 1566?
6
What is the highest common divisor of 56314 and 1480?
74
What is the greatest common divisor of 572 and 7787?
13
What is the greatest common factor of 188055 and 7960?
995
What is the greatest common divisor of 331002 and 1008?
126
Calculate the greatest common divisor of 18560 and 870.
290
What is the greatest common factor of 297350 and 1026?
38
What is the highest common divisor of 851 and 2047?
23
Calculate the highest common divisor of 109701 and 1195.
239
What is the greatest common divisor of 54 and 5286?
6
What is the greatest common factor of 468 and 4992?
156
Calculate the highest common factor of 1557318 and 147.
147
Calculate the highest common factor of 133342 and 266.
38
What is the greatest common divisor of 1761096 and 36?
12
Calculate the greatest common divisor of 409849 and 7049.
1007
What is the highest common factor of 209115 and 135?
135
What is the highest common factor of 70 and 3140?
10
What is the highest common factor of 58 and 446629?
29
Calculate the highest common divisor of 28036 and 1892.
172
What is the highest common divisor of 3983 and 49?
7
Calculate the greatest common factor of 2394 and 14994.
126
Calculate the highest common divisor of 146147 and 101.
101
Calculate the greatest common factor of 2496 and 14118.
78
Calculate the greatest common divisor of 288 and 1058976.
288
Calculate the greatest common factor of 220 and 118756.
44
What is the greatest common divisor of 1876896 and 1672?
152
What is the highest common factor of 61152 and 182?
182
What is the greatest common factor of 11234 and 411?
137
Calculate the greatest common divisor of 273 and 96109.
13
What is the highest common factor of 349515 and 54?
27
What is the greatest common divisor of 444082 and 2?
2
Calculate the highest common divisor of 1232 and 4673284.
308
Calculate the greatest common divisor of 560 and 4325720.
280
What is the highest common factor of 806 and 105183?
403
What is the greatest common divisor of 7175 and 25?
25
What is the highest common factor of 268305 and 60?
15
Calculate the greatest common divisor of 15004 and 15748.
124
Calculate the highest common factor of 45430 and 4.
2
Calculate the highest common factor of 6050 and 12826.
242
Calculate the greatest common factor of 1545 and 365.
5
Calculate the highest common divisor of 9340 and 40.
20
What is the greatest common divisor of 1701 and 24507?
63
Calculate the highest common divisor of 551 and 2299.
19
Calculate the highest common factor of 265631 and 1623.
541
Calculate the greatest common factor of 29562 and 78.
78
Calculate the highest common factor of 112 and 1285368.
56
Calculate the greatest common divisor of 21 and 2853.
3
What is the greatest common divisor of 3230 and 53770?
190
What is the highest common factor of 28234 and 38?
38
Calculate the greatest common divisor of 15554 and 4466.
154
Calculate the greatest common divisor of 7396 and 2494.
86
What is the greatest common divisor of 40969 and 53?
53
What is the greatest common factor of 19041 and 1419?
33
What is the highest common factor of 668660 and 9380?
1340
Calculate the greatest common divisor of 15503 and 35631.
37
What is the greatest common factor of 65004 and 36?
12
What is the greatest common factor of 70 and 212436?
14
Calculate the highest common factor of 235230 and 90.
30
Calculate the highest common divisor of 81080 and 30.
10
What is the highest common divisor of 8160 and 289?
17
Calculate the greatest common factor of 175153 and 33.
11
What is the greatest common divisor of 98210 and 14?
14
Calculate the greatest common divisor of 24867 and 18.
9
What is the highest common factor of 2960 and 266770?
370
Calculate the greatest common divisor of 22149829 and 13.
13
Calculate the highest common divisor of 510 and 13362.
102
What is the highest common factor of 11 and 10791?
11
Calculate the greatest common factor of 221 and 161109.
221
What is the greatest common divisor of 7287 and 441?
21
Calculate the greatest common factor of 763253 and 424.
53
Calculate the greatest common divisor of 16 and 6756592.
16
What is the greatest common factor of 2 and 64058?
2
What is the greatest common factor of 124 and 23095?
31
Calculate the greatest common divisor of 36810 and 2085.
15
What is the highest common factor of 28119 and 34944?
273
What is the greatest common factor of 24760 and 30?
10
Calculate the highest common divisor of 302840 and 2712.
904
Calculate the greatest common factor of 34518 and 2046.
66
Calculate the greatest common divisor of 468 and 90090.
234
Calculate the highest common divisor of 22 and 9455413.
11
Calculate the greatest common factor of 1207 and 8551.
17
What is the greatest common divisor of 123108 and 1944?
12
What is the highest common divisor of 4843 and 53941?
167
What is the greatest common factor of 10 and 2458?
2
Calculate the greatest common factor of 56 and 172648.
56
What is the greatest common factor of 653157 and 3519?
153
Calculate the greatest common divisor of 33 and 24079770.
33
What is the highest common factor of 104 and 85826?
26
What is the greatest common factor of 16 and 8634?
2
Calculate the highest common divisor of 30611 and 7.
7
What is the greatest common factor of 5097177 and 387?
387
What is the greatest common factor of 430 and 5246?
86
What is the greatest common divisor of 13889 and 204?
17
What is the highest common divisor of 27625 and 442?
221
Calculate the greatest common divisor of 28 and 4236414.
14
What is the highest common factor of 2486 and 4642?
22
Calculate the greatest common factor of 1848 and 388696.
616
Calculate the highest common divisor of 7812 and 6174.
126
Calculate the highest common divisor of 5034 and 762.
6
Calculate the greatest common factor of 9440 and 96.
32
Calculate the highest common divisor of 226 and 101474.
226
Calculate the greatest common factor of 6800 and 1.
1
Calculate the highest common factor of 34016 and 32.
32
What is the highest common factor of 27590 and 3131?
31
What is the highest common factor of 66 and 243826?
22
Calculate the highest common divisor of 50370 and 6670.
230
Calculate the highest common divisor of 330 and 29430.
30
Calculate the highest common factor of 13870 and 665.
95
What is the highest common factor of 290 and 17752350?
290
What is the highest common divisor of 7085 a